.
86
Calculate the highest common factor of 13 and 223.
1
Calculate the greatest common divisor of 11 and 11209.
11
What is the greatest common divisor of 2508 and 396?
132
What is the highest common divisor of 1564 and 92?
92
Calculate the greatest common factor of 218 and 2.
2
Calculate the highest common factor of 3222 and 306.
18
Calculate the highest common divisor of 352 and 220.
44
What is the highest common divisor of 93 and 3813?
93
Calculate the greatest common divisor of 551 and 38.
19
Calculate the greatest common divisor of 36 and 882.
18
What is the highest common factor of 24 and 536?
8
What is the greatest common factor of 45 and 480?
15
What is the greatest common divisor of 56 and 378?
14
Calculate the greatest common divisor of 188 and 235.
47
Calculate the highest common divisor of 41 and 205.
41
What is the highest common divisor of 26 and 702?
26
What is the greatest common divisor of 49 and 14?
7
What is the greatest common divisor of 32 and 36800?
32
What is the highest common factor of 5 and 185?
5
What is the greatest common divisor of 254 and 2?
2
What is the greatest common factor of 6 and 6?
6
What is the greatest common factor of 2375 and 19?
19
What is the highest common factor of 495 and 90?
45
Calculate the greatest common divisor of 105 and 385.
35
What is the greatest common factor of 372 and 155?
31
What is the greatest common divisor of 1175 and 275?
25
What is the greatest common divisor of 12 and 102?
6
Calculate the greatest common divisor of 1691 and 779.
19
What is the highest common factor of 3 and 51?
3
Calculate the highest common divisor of 2257 and 61.
61
What is the highest common factor of 25 and 625?
25
What is the greatest common divisor of 52 and 416?
52
What is the greatest common factor of 508 and 20?
4
What is the highest common divisor of 627 and 1?
1
What is the greatest common divisor of 100 and 250?
50
What is the greatest common factor of 160 and 8560?
80
What is the greatest common divisor of 378 and 28?
14
What is the greatest common divisor of 13321 and 77?
77
What is the greatest common divisor of 143 and 3796?
13
Calculate the highest common divisor of 62 and 1271.
31
What is the highest common divisor of 54 and 1917?
27
Calculate the highest common factor of 395 and 5.
5
Calculate the greatest common factor of 133 and 7.
7
What is the highest common divisor of 5 and 6?
1
What is the greatest common factor of 17 and 425?
17
What is the highest common factor of 2 and 226?
2
Calculate the greatest common divisor of 70 and 8.
2
What is the highest common factor of 1020 and 12?
12
What is the highest common divisor of 756 and 196?
28
Calculate the highest common factor of 21 and 651.
21
Calculate the highest common divisor of 12 and 168.
12
Calculate the highest common factor of 874 and 46.
46
What is the greatest common factor of 637 and 91?
91
What is the highest common factor of 267 and 4450?
89
What is the highest common divisor of 493 and 754?
29
Calculate the greatest common factor of 4476 and 48.
12
Calculate the highest common divisor of 185 and 555.
185
Calculate the highest common divisor of 36 and 1521.
9
What is the highest common factor of 184 and 8?
8
What is the greatest common factor of 356 and 890?
178
Calculate the highest common divisor of 97877 and 13.
13
Calculate the highest common divisor of 1173 and 204.
51
What is the highest common factor of 217 and 93?
31
Calculate the greatest common divisor of 828 and 36.
36
Calculate the highest common divisor of 41 and 1189.
41
What is the greatest common divisor of 19573 and 69?
23
Calculate the greatest common factor of 22 and 18854.
22
What is the greatest common divisor of 10 and 890?
10
Calculate the greatest common divisor of 2737 and 34.
17
What is the highest common divisor of 91 and 21?
7
What is the greatest common divisor of 666 and 36?
18
Calculate the highest common divisor of 93 and 868.
31
Calculate the highest common divisor of 1975 and 25.
25
Calculate the greatest common factor of 15 and 2865.
15
What is the highest common divisor of 2637 and 45?
9
Calculate the greatest common divisor of 18 and 144.
18
What is the highest common factor of 26967 and 267?
267
Calculate the highest common factor of 22 and 8822.
22
What is the greatest common factor of 64 and 8?
8
What is the highest common factor of 77 and 854?
7
Calculate the highest common divisor of 25 and 9300.
25
Calculate the highest common factor of 125 and 125.
125
Calculate the highest common factor of 1104 and 1012.
92
Calculate the highest common divisor of 36 and 28.
4
Calculate the greatest common factor of 98802 and 66.
66
Calculate the highest common factor of 62 and 11594.
62
What is the greatest common factor of 87 and 29?
29
What is the highest common divisor of 22 and 30?
2
Calculate the greatest common factor of 14 and 91.
7
What is the highest common factor of 81 and 513?
27
What is the greatest common factor of 68 and 119?
17
What is the greatest common divisor of 47 and 2?
1
What is the greatest common factor of 1 and 31?
1
Calculate the highest common divisor of 1261 and 429.
13
What is the greatest common factor of 1107 and 3649?
41
What is the greatest common divisor of 837 and 18?
9
Calculate the greatest common factor of 999 and 54.
27
Calculate the greatest common divisor of 5446 and 14.
14
Calculate the highest common factor of 11424 and 459.
51
What is the highest common factor of 1105 and 425?
85
Calculate the highest common factor of 15800 and 200.
200
Calculate the highest common factor of 123 and 3157.
41
What is the highest common divisor of 232 and 2668?
116
What is the greatest common divisor of 10129 and 14?
7
What is the greatest common factor of 9 and 909?
9
Calculate the highest common factor of 18 and 1152.
18
Calculate the highest common factor of 175 and 14325.
25
Calculate the greatest common divisor of 20 and 7220.
20
Calculate the greatest common divisor of 56 and 1256.
8
Calculate the highest common factor of 134 and 6298.
134
Calculate the greatest common factor of 216 and 8.
8
What is the highest common divisor of 12 and 1014?
6
Calculate the greatest common factor of 368 and 414.
46
Calculate the greatest common divisor of 96 and 24528.
48
Calculate the highest common divisor of 5217 and 111.
111
Calculate the greatest common divisor of 169 and 442.
13
Calculate the greatest common factor of 3 and 1509.
3
What is the greatest common divisor of 2150 and 150?
50
What is the greatest common divisor of 247 and 285?
19
What is the highest common divisor of 756 and 36?
36
Calculate the greatest common factor of 2 and 18.
2
Calculate the highest common divisor of 73 and 7957.
73
What is the greatest common divisor of 46 and 3082?
46
Calculate the greatest common divisor of 288 and 60.
12
What is the highest common divisor of 5176 and 24?
8
What is the greatest common divisor of 14 and 1148?
14
What is the highest common factor of 150 and 4850?
50
Calculate the greatest common divisor of 3524 and 16.
4
What is the greatest common factor of 66 and 55?
11
What is the highest common factor of 105 and 63?
21
Calculate the greatest common divisor of 154 and 112.
14
What is the highest common divisor of 26 and 4355?
13
What is the greatest common factor of 26 and 1053?
13
Calculate the highest common divisor of 33 and 88.
11
Calculate the highest common divisor of 476 and 7.
7
What is the greatest common divisor of 1620 and 72?
36
Calculate the highest common factor of 388 and 3589.
97
What is the greatest common divisor of 4170 and 360?
30
Calculate the greatest common divisor of 576 and 168.
24
What is the highest common divisor of 183 and 2501?
61
Calculate the greatest common factor of 455 and 1092.
91
Calculate the highest common factor of 24 and 1912.
8
Calculate the greatest common divisor of 304 and 1056.
16
What is the highest common divisor of 91 and 203?
7
What is the greatest common divisor of 70 and 5110?
70
Calculate the highest common divisor of 72 and 963.
9
Calculate the highest common divisor of 77 and 1463.
77
What is the greatest common divisor of 10 and 1010?
10
What is the highest common divisor of 41 and 82?
41
What is the greatest common divisor of 91 and 7?
7
What is the highest common d